ommon factor of 10416 and 8316?
84
Calculate the highest common divisor of 113515 and 73.
73
What is the highest common factor of 510 and 82350?
30
Calculate the highest common factor of 2006 and 944.
118
Calculate the highest common factor of 165528 and 171.
171
Calculate the greatest common divisor of 10807 and 8132.
107
What is the greatest common factor of 24 and 2096?
8
What is the highest common divisor of 39 and 1664?
13
What is the greatest common factor of 125991 and 27?
9
Calculate the greatest common factor of 250 and 795050.
50
Calculate the greatest common divisor of 32 and 59344.
16
Calculate the greatest common divisor of 3789 and 30733.
421
Calculate the highest common divisor of 13 and 27677.
13
What is the greatest common divisor of 25850 and 25333?
517
Calculate the greatest common divisor of 50877 and 144.
9
Calculate the highest common factor of 820601 and 31.
31
Calculate the greatest common divisor of 201 and 771840.
201
Calculate the highest common factor of 55615 and 245.
245
Calculate the highest common factor of 48 and 32760.
24
What is the greatest common divisor of 641 and 8?
1
Calculate the highest common divisor of 19514207 and 37.
37
What is the greatest common divisor of 883 and 16777?
883
What is the greatest common divisor of 4 and 2170?
2
Calculate the greatest common factor of 3268 and 172.
172
What is the greatest common divisor of 39 and 18?
3
Calculate the greatest common divisor of 568 and 19.
1
Calculate the highest common factor of 105 and 22736.
7
Calculate the greatest common divisor of 36808 and 1376.
344
Calculate the highest common factor of 16965 and 434655.
585
What is the highest common divisor of 29036 and 1281?
427
Calculate the highest common divisor of 68 and 54961.
17
What is the highest common factor of 54 and 126552?
6
Calculate the highest common divisor of 3940 and 4334.
394
Calculate the highest common factor of 494 and 29887.
247
What is the greatest common factor of 183442 and 70?
14
Calculate the greatest common divisor of 29646 and 3050.
122
Calculate the highest common factor of 14030504 and 16.
8
Calculate the greatest common factor of 315 and 16915.
5
What is the greatest common divisor of 85337 and 73?
73
Calculate the highest common divisor of 7368 and 62928.
24
Calculate the greatest common factor of 826 and 111923.
413
What is the highest common factor of 16110 and 170?
10
Calculate the greatest common factor of 2861899 and 17.
17
What is the highest common divisor of 333 and 275021?
37
What is the greatest common factor of 110 and 361120?
10
What is the greatest common factor of 16 and 253312?
16
What is the highest common factor of 32897 and 165467?
491
Calculate the greatest common divisor of 178 and 801.
89
What is the greatest common factor of 7075 and 41318?
283
Calculate the highest common factor of 602 and 57344.
14
What is the greatest common divisor of 322 and 42182?
322
What is the highest common divisor of 25649 and 13?
13
Calculate the highest common divisor of 52218 and 245618.
1934
Calculate the highest common divisor of 325 and 18577.
13
What is the highest common divisor of 154611 and 369?
369
What is the greatest common divisor of 344196 and 216?
108
What is the highest common factor of 24106 and 2250366?
1418
What is the greatest common divisor of 210 and 142240?
70
Calculate the greatest common divisor of 122 and 163114.
122
Calculate the highest common factor of 1972 and 8468.
116
Calculate the greatest common factor of 361342 and 13621.
257
What is the greatest common factor of 207504 and 4224?
528
What is the highest common divisor of 3206506 and 102?
34
Calculate the greatest common divisor of 10 and 1142.
2
What is the highest common factor of 8288 and 2996?
28
Calculate the greatest common divisor of 693590 and 20.
10
What is the greatest common factor of 188800 and 1024?
128
What is the highest common divisor of 696 and 52113?
87
What is the greatest common factor of 2040 and 1088?
136
Calculate the greatest common factor of 15 and 484170.
15
Calculate the greatest common divisor of 30 and 42645.
15
What is the greatest common divisor of 27 and 14526?
27
What is the greatest common divisor of 3336 and 10?
2
Calculate the highest common divisor of 45702 and 3726.
18
Calculate the highest common divisor of 1413 and 12096.
9
What is the greatest common factor of 1171666 and 4?
2
What is the greatest common divisor of 8931 and 429?
39
Calculate the highest common divisor of 88983 and 144.
9
Calculate the highest common divisor of 13545 and 3139.
43
Calculate the highest common divisor of 5800 and 2088.
232
Calculate the highest common factor of 15 and 1667.
1
Calculate the greatest common factor of 442 and 2061046.
442
What is the greatest common factor of 3190 and 20590?
290
What is the greatest common divisor of 91 and 3627?
13
What is the greatest common divisor of 13860 and 3402?
126
Calculate the greatest common divisor of 4 and 246656.
4
What is the highest common divisor of 4176 and 471308?
116
What is the greatest common divisor of 172 and 157294?
86
What is the greatest common factor of 8479 and 7076?
61
What is the highest common factor of 37895 and 819?
13
Calculate the greatest common factor of 27 and 248175.
9
What is the greatest common factor of 7110 and 24390?
90
Calculate the highest common divisor of 1150613 and 824.
103
Calculate the greatest common divisor of 121047 and 17733.
771
What is the greatest common factor of 7950 and 2226?
318
Calculate the greatest common divisor of 9541 and 141.
47
What is the highest common divisor of 694 and 10779902?
694
What is the greatest common divisor of 8 and 1024924?
4
What is the greatest common divisor of 36 and 28684?
4
Calculate the highest common divisor of 2640 and 153780.
660
Calculate the greatest common divisor of 70 and 26166.
14
What is the greatest common divisor of 17864 and 151438?
406
Calculate the highest common divisor of 1596 and 7406.
14
Calculate the greatest common divisor of 44585 and 5.
5
What is the greatest common factor of 2995 and 718201?
599
Calculate the highest common divisor of 73022 and 116.
58
What is the highest common factor of 1402596 and 243?
243
Calculate the highest common factor of 383097 and 26.
13
What is the greatest common factor of 478186 and 7460?
746
What is the highest common factor of 184373 and 7?
7
Calculate the highest common divisor of 3246 and 3858.
6
What is the greatest common divisor of 34 and 262?
2
What is the highest common factor of 25086 and 13098?
222
What is the greatest common factor of 666 and 23058?
18
Calculate the highest common factor of 138 and 269790.
138
What is the greatest common divisor of 196635 and 30?
15
What is the highest common factor of 133108 and 428?
428
What is the greatest common factor of 602 and 980314?
86
What is the greatest common factor of 284 and 520004?
284
Calculate the greatest common factor of 2 and 417686.
2
Calculate the highest common divisor of 2407353 and 78.
39
What is the greatest common divisor of 1541 and 1909?
23
What is the highest common divisor of 309248 and 302?
302
What is the greatest common divisor of 8400 and 118400?
400
Calculate the highest common divisor of 132 and 24915.
33
What is the highest common factor of 205 and 10004?
41
What is the highest common divisor of 51980 and 4646?
46
Calculate the greatest common divisor of 1274 and 2450539.
637
Calculate the greatest common divisor of 146268 and 34.
34
Calculate the greatest common factor of 6622 and 322.
14
What is the highest common factor of 6681 and 16113?
393
Calculate the greatest common divisor of 4 and 83092.
4
Calculate the greatest common divisor of 12054 and 3731.
287
Calculate the greatest common factor of 55 and 3282510.
55
What is the highest common divisor of 21845 and 595?
85
What is the greatest common factor of 437928 and 24?
24
Calculate the highest common factor of 320384 and 128.
128
Calculate the greatest common factor of 2409786 and 63.
9
Calculate the greatest common divisor of 65070 and 1728.
54
What is the highest common divisor of 16272 and 504?
72
What is the highest common factor of 2153 and 6807786?
2153
What is the greatest common factor of 6877 and 14352?
299
Calculate the greatest commo